5. Suppose -f = -5*r + 8, -2*f - 10 = -6*f - r. Let s(l) = -8*l - 7*l**2 + 10 + 6*l**f - l + 0*l**2. What is s(c)?
0
Let y(j) = -j**2 + 19*j + 28. Let v(q) = 4*q**2 + 36*q + 20. Let r be v(-9). What is y(r)?
8
Suppose 0 = -32*u + 28*u - 368. Let h = u - -95. Let r(k) = -5*k**3 + 10*k**3 + 4 - h. Determine r(-1).
-4
Let h(j) = 4*j**3 - 10*j**2 - 3*j + 7. Let t(q) = -7*q**3 + 21*q**2 + 5*q - 14. Let m(w) = -5*h(w) - 3*t(w). Determine m(13).
7
Let y(s) = s**2 + 11*s - 65. Let t be (-166)/(-34) + (-1188)/(-10098). Calculate y(t).
15
Let m(b) = -2*b**3 - 11*b**2 - 9*b - 35. Suppose 2*h + 2*i = -24, -30*i - 17 = h - 28*i. Give m(h).
175
Suppose -a - 94 = 4*q - 79, 0 = -5*a + 4*q + 21. Let v(h) be the first derivative of -1/2*h**2 - 1/4*h**4 - 2*h**3 - 2*h + a. Determine v(-6).
4
Let v(s) = 135*s + 6. Let q(x) = 1232*x + 55. Let r(g) = 6*q(g) - 55*v(g). Give r(-2).
66
Let j(c) be the second derivative of c**4/12 + 91*c**2/2 - c + 124. Let s(n) be the first derivative of j(n). Give s(0).
0
Suppose 4*s - 314 = -4*o - 30, 2*s = -3*o + 212. Suppose -2*g + 2*r + 12 = g, -2*g + 7 = -r. Let t(b) = -o + 76 - g*b + b. Determine t(5).
1
Let b(n) = -4*n + 3. Let i(s) = -5*s**3 - 13*s**2 + 8*s - 5. Let j be i(-5). Let q = 250 - j. Calculate b(q).
23
Let d(m) be the first derivative of -m**4/4 - 8*m**3/3 - 5*m**2/2 - 2*m - 162. Let g = 127 - 130. What is d(g)?
-32
Suppose -h - 11 = 4*k, 0 = -5*k + 10*k + 2*h + 13. Let t(q) = 4*q**2 - 6*q - 6. Determine t(k).
48
Let z(l) = l**2 + 9*l - 9. Let x(f) = f**2 + 8*f - 8. Let m(o) = 5*x(o) - 4*z(o). Suppose 4*y = 2*v + 32, 4*v + y + 4*y = -64. Let p = v + 10. Give m(p).
8
Let l(z) = -18*z + 27. Let q(f) be the second derivative of 5*f**3/3 - 7*f**2 - 29*f. Let p(i) = -6*l(i) - 11*q(i). Give p(-8).
8
Let q(p) = 392*p**2 + 357*p**2 - 745*p**2 + 12 + p**3 - 9*p. Calculate q(-5).
32
Let o be -2*(45/(-2))/5. Let d(k) = -13*k**2 - 5*k - 8*k**2 + 4*k + k**3 + 6 + 12*k**2. Calculate d(o).
-3
Let u be 891/(-495)*(-5)/3. Let n(x) be the second derivative of 0 + 5/6*x**u - 1/20*x**5 + 5/2*x**2 - 5/12*x**4 + 5*x. Calculate n(-6).
11
Let d = -75 + 74. Let y be -4 + -2 + 8 - d. Let t be 1/y*(6 - 21). Let m(k) = 2*k - 6. What is m(t)?
-16
Let j(c) = 2*c - 9. Let u(o) = -40*o - 22 + 35*o + 39. Let d(g) = -5*j(g) - 3*u(g). Calculate d(4).
14
Let b(p) = -2*p + 1. Suppose -26*w + 27*w + 7 = 0. Let g be (-2)/w + 6/(-21). Suppose 3*r = z - g*r + 1, -3*z + 4*r = 13. Determine b(z).
15
Let b(k) = k**3 + 10*k**2 + 5*k - 13. Suppose -6*p - f = -p - 11, 0 = -5*p + 4*f + 6. Suppose -5*a = -r + p*r + 41, 5*a + 65 = 5*r. Calculate b(a).
23
Let j(k) be the first derivative of 3*k**2/2 - 71*k + 3255. What is j(19)?
-14
Let z(h) = 18 - 5*h + h**2 - 4*h**2 - 23 + 2*h**2. Calculate z(-5).
-5
Let x(h) = 72*h**2 + 2*h - 5. Let n be x(2). Let f = 303 - n. Let c(s) = s**3 - 16*s**2 + s - 13. What is c(f)?
3
Let z(o) = 12*o**2 - 3*o + 1. Let n(s) = 7*s**3 - 2*s**2 + 4*s - 13. Let c be n(2). Suppose 47*r = c*r + 4. Calculate z(r).
10
Let r(u) = 144*u - 140*u - 29 + 41 + 19. Calculate r(-17).
-37
Let i(b) = -66*b**2 + 10*b**2 + 35*b**2 + 10 + 11*b + 19*b**2. Determine i(-1).
-3
Let m(r) be the second derivative of r**4/12 - 3*r**3/2 + 7*r**2/2 + 446*r. Let y be ((-18)/8)/((-1)/8). Suppose -b = b - y. What is m(b)?
7
Suppose 237 = -5*t - 4*h + 222, 5*h = -4*t - 12. Let y(b) be the second derivative of 1/3*b**4 + 0 + 2/3*b**3 - 1/2*b**2 + 1/20*b**5 - b. Calculate y(t).
-4
Suppose 78 = -52*c + 136 + 98. Let w(z) be the third derivative of z**2 + 0*z - 1/60*z**5 + z**c + 0 - 1/12*z**4. Give w(-6).
-18
Let l(u) be the first derivative of -u**4/4 - u**3 + 3*u**2/2 - 8*u + 153. What is l(-5)?
27
Let l(d) = d - 5. Let h(f) = 3*f**2 + 25*f + 22. Let a(r) = -2*r**2 - 13*r - 11. Let y(u) = 5*a(u) + 3*h(u). Let s be y(8). Suppose 5*k + s - 47 = 0. Give l(k).
-1
Suppose 0 = 5*a - 4*u - 2 - 39, -a = -u - 9. Let g(c) = c**3 - 7*c**2 + 7*c + 2. Give g(a).
-13
Let l(j) = -3*j**3 + 23*j**2 + 9*j - 16. Let z = 2966 - 2958. Calculate l(z).
-8
Let z(d) = -2*d**2 + 6*d + 4. Let h = 4417 - 4418. Calculate z(h).
-4
Let s be (-176)/(-28) + 4/(-14). Let d be (-3)/6*6 + s. Let l(m) = -8*m + 18. Let q be l(d). Let p(j) = j + 4. Give p(q).
-2
Let h(x) = -x. Suppose -15 = -5*v + 2*o, -5*v + 5 = 3*o - 7*o. Suppose -v*y + 8*y = 0. Suppose y = -8*s + 7*s + 4. Calculate h(s).
-4
Let g(y) = -3*y + 80. Let c be g(24). Let u(d) = -d**3 + 7*d**2 - 7*d - 5. Let x be u(6). Let p = x + c. Let o(v) = v**3 + 3*v**2 + 3*v. Give o(p).
-9
Let t(k) be the second derivative of -2*k**3/3 + 71*k**2 - 98*k - 4. What is t(32)?
14
Let r(w) = 9*w**2 - 12*w + 13. Let c be 16/(-648)*3 - 87/(-81). What is r(c)?
10
Let p(t) = 3*t - 5. Let f = -711 + 282. Let a = -425 - f. Determine p(a).
7
Let z(d) be the third derivative of d**6/120 - d**5/30 + d**4/8 - d**3 - 11914*d**2. What is z(2)?
0
Let x(p) be the third derivative of -p**4/24 + 2*p**3 + 36*p**2 + 4*p. What is x(5)?
7
Let w(q) = -68*q**2 - 237*q - 838. Let z(i) = 10*i**2 + 34*i + 121. Let x(t) = -4*w(t) - 27*z(t). Determine x(-4).
-3
Let r(f) = -3*f - 49*f**2 - 45*f**2 - 46*f**2 + 2 + 143*f**2. Let i(t) = -7*t**2 + 6*t - 4. Suppose 5*u = 2 - 27. Let k(x) = u*r(x) - 2*i(x). Determine k(3).
-2
Suppose 16 - 2 = 2*d. Let v(i) = 7*i - d*i - 5*i. Let o be 78/(-234) + (-4)/6. Calculate v(o).
5
Let f(i) = 5*i**2 + 1203 - 3*i - 2500 + 1297 - i**3. Suppose -2*b = -b. Suppose a - 2*t - 4 = b, -2*a + 6 = -t - 2. Determine f(a).
4
Let g = -174 - -214. Suppose -12*i + 8 = -g. Let o(x) = -x**3 + 2*x**2 + 2*x - 1. Give o(i).
-25
Let g be (3 + -32)*1*2 + 2. Let z = -53 - g. Let l be (-7)/(-2) - z/(-2). Let f(h) = -h**3 + 5*h**2 - 2*h + 1. Determine f(l).
-9
Suppose 2*y + 6 = 10, -4*y = 4*o - 36. Let p(t) = 5 - 255*t**2 + 130*t**2 - o*t + 124*t**2. Give p(-7).
5
Let s(y) = -3*y - 29. Suppose 6*r - 5*r = 6. Let l(t) = -3*t - 25. Let g(q) = r*s(q) - 7*l(q). What is g(2)?
7
Suppose 0 = -5*n - 4*l + 22, n + 0 = -5*l - 4. Let a(h) be the second derivative of -h**3/3 - 7*h**2/2 + 12*h + 383. Determine a(n).
-19
Suppose -b - 3*t - 8 = -0*b, -5*t = 5*b + 10. Let g(j) = 26*j - 2. What is g(b)?
24
Let a = -827 - -791. Let g be (-99)/a + (-2)/(-8). Let v(h) = -h**2 - 4. Determine v(g).
-13
Let j(i) = 10*i**2 + 29*i - 8. Let s(r) = -3*r**2 + r - 1. Let w(v) = -15*v**2 - 6*v - 2. Let a(p) = 4*s(p) - w(p). Let q(f) = 7*a(f) - 2*j(f). Give q(-5).
-33
Let x(z) = z**2 - 7*z - 5. Suppose 0 = 5*w + 2*f - 20, 4*w + f = 14 - 1. Suppose 3*t - 8*t + 4*p = -55, 4*t - 38 = w*p. Determine x(t).
-5
Let t(r) = -13*r + 4. Let b = -4030 - -4032. What is t(b)?
-22
Let x(b) = 2*b + 6. Let w(c) = 2*c**3 + c**2 + 3*c + 1. Let z be (-3)/(-2)*58/(-87). Let y be w(z). Determine x(y).
0
Let q(r) = 3*r**2 - 9*r + 1. Suppose -5*y = -3*j - 26, -6*y + 3*j + 51 = 6*j. Calculate q(y).
85
Let j be ((-144)/56)/(18/(-84)). Let g(p) = p**2 - 12*p - 10. Determine g(j).
-10
Let y(w) = 15*w + 139. Let x be y(-9). Suppose -x*k - 20 = 0, 0 = d - 3*k + 109 - 120. Let a(f) be the second derivative of f**3/3 + 3*f**2 + f. What is a(d)?
-2
Suppose 7*r - 15*r = -552. Let f(l) = 1 - 57*l + r*l - 11*l. Determine f(6).
7
Let y(l) be the first derivative of -l**2/2 + 13*l + 22. Suppose -3*z - 136*z + 1650 = -296. Give y(z).
-1
Let y(p) = 141*p - 7 + 141*p + p**2 + 143*p - 434*p. Determine y(6).
-25
Let o(u) = -26*u**2 + 79*u + 3. Let t = -3316 + 3319. Determine o(t).
6
Let r = 3580 + -3584. Let m(d) = 13*d + 18. What is m(r)?
-34
Suppose 2286 = -27*g - 5112. Let z = 277 + g. Let n(x) = x**2 - 3*x + 3. Calculate n(z).
3
Let k(p) = -1 + p - 1 + 9. Let h(l) = -2*l**3 + 54*l**2 - 46*l - 165. Let j be h(26). Calculate k(j).
-2
Let x(c) = 7*c**2 - 23*c - 14. Let b(w) = -3*w**2 + 11*w + 7. Let k(p) = -9*b(p) - 4*x(p). Let m(h) = -29*h + 196. Let t be m(7). Give k(t).
-7
Let a(l) = -33*l**2 + 117*l**2 - 44*l**2 - 4 - 39*l**2. Let v = 4 - 8. Let j(f) = -f - 1. Let o be j(v). Give a(o).
5
Let t(b) = 6*b + 53. Let o(r) = 4*r + 36. Let g(n) = -n**2 + n + 51. Let p be g(8). Let d(s) = p*t(s) + 7*o(s). Give d(-9).
5
Suppose -22*r + 17*r = -25. Let n(t) = 7*t**3 + t**2 - r*t**3 + 0*t**3. Give n(1).
3
Suppose g - 4*k + 41 = 61, -3*k - 4 = 2*g. Let y(h) be the third derivative of -h**6/120 + h**5/15 - h**4/6 - h**3/2 - 15*h**2. Determine y(g).
-19
Let 